 + 2. Let s(p) = -5*a(p) + 7*w(p). Let l = 18 - 10. Let d = -4 + l. Calculate s(d).
1
Suppose 0 = 4*g - 2*p + 5 + 45, 0 = -g - 2*p - 10. Let f = g + 12. Let z(c) = -c + 13. Determine z(f).
13
Let w(h) be the second derivative of h**5/20 - 5*h**4/12 - 2*h**3/3 + 3*h**2 + 8*h. Calculate w(5).
-14
Let w(x) = -x - 1. Let b = 50 + -70. Let k be (b/15)/((-2)/6). Suppose -3*p - k = p. Give w(p).
0
Let p(f) = -f**2 - 3*f - 3. Let y(w) = w**2 + w - 1. Let s(h) = p(h) + 2*y(h). Calculate s(0).
-5
Let v be 2*(-4)/(16/12). Let i(n) = -n - 8. What is i(v)?
-2
Let u(v) = -4*v + 0*v + 3*v + 9. What is u(6)?
3
Let g = 3 - 1. Let z(p) = 3*p**g - 7 - 4*p + 2*p**2 + p**3 - 2*p - 2*p. Calculate z(-6).
5
Suppose -v - 5*g + 5 = 0, v - 2*g + 2 = -3*v. Let r(t) be the first derivative of t**2/2 + 8*t - 10. Calculate r(v).
8
Let g(n) = 3*n + 1. Let f(v) = -v + 1. Let h(j) = 4*f(j) - g(j). Suppose -u + 4 = u + 5*q, 2 = u - 2*q. Determine h(u).
-11
Let y(h) be the first derivative of 0*h**2 - 1/3*h**3 + 4*h + 3. Calculate y(-3).
-5
Suppose -6*g = -2*g - 7*g. Let l(y) = -y. Give l(g).
0
Let z(i) be the first derivative of i**2/2 - 2*i - 1. Determine z(-5).
-7
Let v(c) be the second derivative of c**3/6 - 3*c**2/2 - 3*c. Suppose -5*i + 4 = -4*g + 9, i = -g + 8. Determine v(g).
2
Suppose 2*m - 3*w + 2*w - 2 = 0, 0 = 4*m - 3*w - 4. Let y(n) = -9*n**3 - n + 1. What is y(m)?
-9
Let g(l) be the third derivative of l**4/24 - 2*l**3/3 - 3*l**2. What is g(-7)?
-11
Suppose -3*p + 10 = 5*t, -3*t - 3*p = -0*t. Let i(w) = 2*w + 0*w - w + t. Calculate i(0).
5
Let k(s) = -2*s - 7. Suppose 4*x - 30 = -2*u, 4*u = -4*x + 3*u + 33. Let b(y) = y**2 - 9*y + 8. Let h be b(x). Suppose -4*w - 16 = h. Calculate k(w).
5
Let y = 60 - 66. Let i(u) = u**3 + 6*u**2 + 3*u + 3. Calculate i(y).
-15
Let s(q) = q**3 - 8*q**2 - 9*q - 4. Let l be s(9). Let x(b) = -2*b - 5. Give x(l).
3
Let v(r) = r**2 - 3*r + 5. Let m = 18 + -18. Let a be m/(-1) - (-3 + -1). What is v(a)?
9
Let t(n) be the second derivative of -n**4/12 + n**3/6 + 3*n**2/2 - n. Let o be ((-4)/3 + 1)*-9. Calculate t(o).
-3
Let k(x) = 5*x**3 + 1. Let f = -46 - -45. Determine k(f).
-4
Suppose 9 = 5*v - 6. Let r(z) = 5 + 4*z**2 - z**v - 3*z**2 + z - 8. Give r(0).
-3
Let c(r) be the third derivative of 0 - 1/24*r**4 + 0*r - 5*r**2 - r**3. What is c(-3)?
-3
Let w(s) = 0*s**2 - s**2 - 2*s + 4*s. Suppose -3*a + 4 = -2*a. Let c(d) = d**2 - 3*d - 1. Let u be c(a). Determine w(u).
-3
Let p(i) = -8*i**3 + 1. Suppose -12 = -t + 4*t, -4*f = 3*t + 4. Suppose -f*h + 11 = 3*w - 3, 0 = -4*w - 3*h + 17. Let y be 2*(-2)/w*-2. What is p(y)?
-7
Let x(z) = -4*z + 3. Let n be x(2). Let q(s) = -2*s**2 - 3*s - 5. Let r(a) = -a**2 + 3 + 0 - a - 5. Let p(l) = 4*q(l) - 7*r(l). Give p(n).
-6
Let n(b) = -b - 2*b + 9 + 6*b - 2*b. Let x be n(-5). Let m(v) = 3*v - 2. What is m(x)?
10
Let p(n) = -3*n**3 + n**2 - 2*n + 1. Suppose 0 = 4*s + w - 13, -2*w + 7 = -3. Suppose s*y = 7*y. Suppose y*u - 8 = -3*m - 5*u, 0 = -m - 4*u + 5. Determine p(m).
-3
Let u(r) be the second derivative of -r**4/12 - r**3/3 + 3*r**2/2 - 2*r. Let m(d) be the first derivative of u(d). What is m(-2)?
2
Let w(p) = 1 - 2 + 6 - p + 1. Determine w(5).
1
Let t(p) = -p**3 + 3*p**2 + 11*p - 9. Let w be t(5). Let h(r) be the first derivative of 2 + 1/2*r**2 - 4*r. What is h(w)?
-8
Let t(a) = -a**3 - 7*a**2 - 3*a - 9. Let n(f) = -f**3 - f**2 - 2*f - 7. Let q be n(0). Calculate t(q).
12
Let w(b) = -b - 1. Let p be 4/(-5)*25/5. Determine w(p).
3
Let g(j) = 5*j + 6. Let y(o) = 5*o - 4*o - o - 5 - 5*o. Let z(c) = 6*g(c) + 7*y(c). Let a be 3*(7/3 - 2). What is z(a)?
-4
Let g(u) = -u**2 + 10*u - 9. Let b be g(9). Let c be 2*(b - -1) - -4. Let m(z) = -z + 5. What is m(c)?
-1
Let j(l) = -3*l**2 + 3*l + 1. Let t(y) = y**2 - y - 1. Let r(a) = -j(a) - 4*t(a). Give r(3).
-3
Suppose 2*y - 23 = -2*y - 3*j, -5*y - 3*j + 25 = 0. Suppose -y*a - 2 = 2. Let t(u) = -2*u**2 - 2*u + 2. Give t(a).
-2
Let w(y) = -11 - 5*y**3 - y**2 + 0*y + 2*y + 10 + 0*y. Calculate w(1).
-5
Let d = 64 + -60. Let z(g) = g**3 - 4*g**2 - 1. Give z(d).
-1
Let v = -33 + 29. Let j(t) = t**3 + 4*t**2 - 2*t - 3. Give j(v).
5
Let u be (10/(-4) - 0)*-2. Let m = -1 - -4. Let g(z) = 5*z - 5*z + z**m - 5*z**2. What is g(u)?
0
Let d(j) = -5*j + 2*j - 4 + 4 - 3. Determine d(-3).
6
Let f(m) = m + 3. Let w(j) be the first derivative of -j**2/2 - 4*j + 6. Let z(h) = -3*f(h) - 4*w(h). Calculate z(-3).
4
Let s(f) = f + 7. Let o be s(-5). Let m(d) = 4*d**2 - 3*d + 2. Determine m(o).
12
Let q(v) = 2*v**2 - v + 3. Let a(k) = -2*k**2 + 2*k - 4. Let s(f) = -3*a(f) - 4*q(f). Let c = -7 - -17. Suppose 0 = -3*b - 2*b - c. Determine s(b).
-4
Suppose -5*y + 26 = -9. Let a = y + -6. Let w(n) = -9*n. Calculate w(a).
-9
Let w(j) = j**3 + 5*j**2 + 7*j + 4. Let g = -10 - -2. Let n(p) = 2*p + 12. Let z be n(g). Calculate w(z).
-8
Let n(d) = -1. Let f(a) = -a - 8. Let j(q) = -f(q) + 5*n(q). Suppose 2*v = -3*v - 10. What is j(v)?
1
Let c(j) = j**2 - 2 - 4*j**2 - 2 - j - 4*j. Let o(w) = -4*w**2 - 5*w - 4. Let v(m) = -5*c(m) + 4*o(m). Let f be (-2 - 1)/(-9)*15. Calculate v(f).
4
Let x = 44 - 44. Let d(n) be the first derivative of -n**3/3 - 4*n - 1. Determine d(x).
-4
Let s(y) = 2*y**2 + 5*y + 12. Let u(c) = c**2 + 3*c + 6. Let x(t) = -2*s(t) + 5*u(t). Determine x(-4).
2
Suppose 47 = -5*d - 23. Let i = 10 + d. Let u(x) be the first derivative of x**3/3 + 2*x**2 + 5*x + 2. Calculate u(i).
5
Suppose s - 2 = -0. Let d(x) be the second derivative of -2*x + 0 + x**3 - 1/2*x**4 - x**s + 1/20*x**5. Calculate d(5).
3
Let n be 1/(-2)*1*4. Let g = -7 - n. Let b(a) be the first derivative of -a**2/2 - 2*a + 146. Determine b(g).
3
Let t(c) = -1 + 11*c - 9*c + 5*c. Let r be ((-4)/(2 - 4))/2. Determine t(r).
6
Suppose 23 = 4*t - 9. Let b(u) = 4*u**2 - 4*u - 6. Let v(y) = 11*y**2 - 11*y - 17. Let c(x) = t*b(x) - 3*v(x). Determine c(3).
-3
Let b(s) = -4*s**2 + s + 1. Let l(g) be the first derivative of g**4/4 - 5*g**3/3 + 3*g**2 - 6*g + 4. Let a be l(4). Determine b(a).
-13
Let j(l) be the first derivative of -3*l**2/2 - 2*l - 2. Determine j(-4).
10
Let a be 15/2 + 5/(-10). Let r(o) = -1 - 4 + a + o + 7. Suppose 9*q + 30 = 4*q. What is r(q)?
3
Suppose -j - 4 = j. Let b(g) = -g**3 - 3*g - 1. Determine b(j).
13
Suppose 0 = -0*g - 2*g + 2. Let b be (0/(1 + -2))/g. Let r = b + -2. Let d(t) = 3*t - 1. Determine d(r).
-7
Suppose 4*x - 6 = 2*x. Let t = x + -2. Let k(y) = -2 + 2 + 7*y. Determine k(t).
7
Let r(a) = -a**2 + 6*a - 4. Let z = 4 - 2. Suppose -q + z*q = 3. Calculate r(q).
5
Let j(t) be the first derivative of -1/4*t**4 + 2 + 1/3*t**3 + t**2 + t. Determine j(-1).
1
Let c(h) = -h**3 - 6*h**2 - 2*h + 6. Let a(s) be the second derivative of -s**5/20 + s**4/3 - s**3/6 - s**2/2 - 4*s. Let t be a(4). Calculate c(t).
-9
Suppose -o - 4 = -2*r, o - 3*o + 5*r = 10. Suppose -2*i + 6 = -o*i. Suppose -i*c - 14 = c + f, 0 = c + 2*f. Let p(m) = -m**3 - 5*m**2 - 4*m + 2. Give p(c).
2
Let f(y) be the first derivative of -y**3/3 + 3*y**2/2 + y - 2. Suppose -4 = 3*r - 4*r. Calculate f(r).
-3
Let z(v) = 6 + 5 + 4 - 5 + v. Determine z(0).
10
Let b(l) be the second derivative of -l**5/20 - l**4/12 + l**3/6 + l**2/2 - 6*l. Give b(0).
1
Let n(h) = 2 + 2*h**3 + h + 2*h**3 + 2*h**2 - 5*h**3 - 1. Suppose -2*x + 4 + 2 = 0. Suppose -12 = -x*m - m. Give n(m).
-5
Let f(r) = 2*r**2. Let o(q) = -q + 4. Let b be o(3). Let v be f(b). Suppose 4*w - v + 18 = 0. Let c(a) = a + 8. Determine c(w).
4
Let o(n) = -n**3 - 4*n**2 + 2*n + 6. Suppose 4*a - 4*s + 12 = 0, a + s = -2 - 3. Calculate o(a).
-2
Let q(x) = x**2 - 2*x + 1. Suppose -115 = -3*n - 112. Give q(n).
0
Let h(w) be the first derivative of w**2/2 + 2*w - 8. What is h(-5)?
-3
Suppose s = -8 + 10. Let w(t) = -t**3 + 2*t**2 - t + 1. Give w(s).
-1
Let k(p) = 4*p**2 + 2*p - 5*p**2 + 5*p - 6 - p. Calculate k(4).
2
Let d = -7 - -9. Suppose -x = r + d, 0 = 5*x + 3*r - 0 + 2. Suppose o - x*o + 7 = -5*l, 6 = 3*o. Let b(t) = -5*t**3 + 2*t**2 + 2*t + 1. What is b(l)?
6
Let b(x) = -2*x**3 - 4*x**2 - 2*x. Suppose 0 = 5*w + 10. Calculate b(w).
4
Let z be (-4 - -2)*(2 + -1). Let v(g) = g**2 - 1. Let j be v(z). Let u(o) = o**3 - 3*o**2 + 4*o - 3. Give u(j).
9
Let t be (-60)/35 + (-6)/21. Let c(j) = 2*j. Give c(t).
-4
Suppose -2*h = 5*v + 15, -5*v - 27 = -2*h + 8. Let o(t) = -3 - t - 3 + 7. Calcula